182?
4
What is the ten millions digit of 150092449?
5
What is the ten millions digit of 43662718?
4
What is the billions digit of 1161574341?
1
What is the tens digit of 21273235?
3
What is the hundreds digit of 1141924366?
3
What is the thousands digit of 317676924?
6
What is the thousands digit of 599177686?
7
What is the thousands digit of 261043980?
3
What is the thousands digit of 29348938?
8
What is the ten thousands digit of 780037567?
3
What is the units digit of 50399799?
9
What is the millions digit of 354045372?
4
What is the ten thousands digit of 2145039356?
3
What is the millions digit of 374606890?
4
What is the hundred thousands digit of 432841524?
8
What is the millions digit of 1340916886?
0
What is the millions digit of 81791365?
1
What is the units digit of 471800575?
5
What is the hundred millions digit of 126232534?
1
What is the hundreds digit of 221803257?
2
What is the ten thousands digit of 116169194?
6
What is the thousands digit of 35609742?
9
What is the thousands digit of 278333031?
3
What is the ten thousands digit of 1049339069?
3
What is the tens digit of 489432493?
9
What is the tens digit of 122271120?
2
What is the ten thousands digit of 51642526?
4
What is the units digit of 823272475?
5
What is the thousands digit of 702565854?
5
What is the hundreds digit of 530480804?
8
What is the thousands digit of 957312241?
2
What is the hundred thousands digit of 277721323?
7
What is the hundred millions digit of 288572937?
2
What is the ten millions digit of 71525156?
7
What is the hundreds digit of 20247575?
5
What is the tens digit of 99091440?
4
What is the hundreds digit of 383062787?
7
What is the hundred millions digit of 253193551?
2
What is the thousands digit of 3218903578?
3
What is the thousands digit of 463435875?
5
What is the ten thousands digit of 3666163363?
6
What is the tens digit of 5453762335?
3
What is the tens digit of 39190467?
6
What is the ten thousands digit of 61923825?
2
What is the tens digit of 45434950?
5
What is the tens digit of 334077597?
9
What is the billions digit of 4061929413?
4
What is the billions digit of 4331485238?
4
What is the ten millions digit of 128626900?
2
What is the tens digit of 92382692?
9
What is the ten thousands digit of 349898982?
9
What is the ten thousands digit of 1008385540?
8
What is the millions digit of 266758322?
6
What is the units digit of 22593406?
6
What is the ten millions digit of 148474986?
4
What is the units digit of 228934996?
6
What is the hundred millions digit of 106331966?
1
What is the millions digit of 69012295?
9
What is the thousands digit of 681119589?
9
What is the thousands digit of 31399891?
9
What is the units digit of 1272704763?
3
What is the ten thousands digit of 614868794?
6
What is the hundred thousands digit of 639923098?
9
What is the tens digit of 104750908?
0
What is the ten thousands digit of 107969061?
6
What is the millions digit of 43670054?
3
What is the hundreds digit of 905087239?
2
What is the units digit of 4085000807?
7
What is the units digit of 179043834?
4
What is the thousands digit of 12091152?
1
What is the billions digit of 1756143775?
1
What is the hundreds digit of 1173787273?
2
What is the tens digit of 524261067?
6
What is the ten thousands digit of 5376634330?
3
What is the hundred millions digit of 955638348?
9
What is the tens digit of 224827871?
7
What is the ten millions digit of 422158992?
2
What is the thousands digit of 250431310?
1
What is the millions digit of 460133029?
0
What is the thousands digit of 228336549?
6
What is the units digit of 560383841?
1
What is the hundred thousands digit of 28659466?
6
What is the hundred thousands digit of 267695386?
6
What is the hundred thousands digit of 18401950?
4
What is the ten thousands digit of 1896438829?
3
What is the hundred millions digit of 213009971?
2
What is the hundreds digit of 56135938?
9
What is the tens digit of 468674659?
5
What is the thousands digit of 2344833542?
3
What is the ten millions digit of 2069002700?
6
What is the ten millions digit of 2455010283?
5
What is the ten millions digit of 584740493?
8
What is the tens digit of 320818783?
8
What is the ten thousands digit of 12468958?
6
What is the ten millions digit of 153096027?
5
What is the hundred millions digit of 3123998629?
1
What is the hundred millions digit of 919614923?
9
What is the millions digit of 5029371632?
9
What is the hundreds digit of 5999876353?
3
What is the tens digit of 1633047369?
6
What is the thousands digit of 399315712?
5
What is the hundreds digit of 178410518?
5
What is the tens digit of 92445349?
4
What is the thousands digit of 9781826?
1
What is the millions digit of 1247349134?
7
What is the hundreds digit of 33552636?
6
What is the ten thousands digit of 852455515?
5
What is the tens digit of 251311647?
4
What is the thousands digit of 277124879?
4
What is the ten thousands digit of 171598205?
9
What is the millions digit of 39213596?
9
What is the ten thousands digit of 101376010?
7
What is the ten millions digit of 10268087?
1
What is the units digit of 154083530?
0
What is the ten thousands digit of 39282906?
8
What is the tens digit of 101774266?
6
What is the hundred millions digit of 186164384?
1
What is the units digit of 1339086100?
0
What is the units digit of 433022203?
3
What is the ten thousands digit of 590278292?
7
What is the units digit of 13604339?
9
What is the units digit of 23443880?
0
What is the ten thousands digit of 66603372?
0
What is the hundred thousands digit of 127988001?
9
What is the hundreds digit of 869632915?
9
What is the millions digit of 1774108746?
4
What is the millions digit of 45369034?
5
What is the thousands digit of 25458209?
8
What is the thousands digit of 84371894?
1
What is the millions digit of 589062653?
9
What is the thousands digit of 54456463?
6
What is the hundred thousands digit of 281560613?
5
What is the hundreds digit of 60978063?
0
What is the hundred thousands digit of 4127689435?
6
What is the hundred millions digit of 822999194?
8
What is the thousands digit of 348567696?
7
What is the billions digit of 1016915945?
1
What is the units digit of 62000583?
3
What is the hundreds digit of 157638740?
7
What is the ten millions digit of 3630063780?
3
What is the hundreds digit of 1759041250?
2
What is the millions digit of 514449539?
4
What is the tens digit of 132421959?
5
What is the millions digit of 124801138?
4
What is the millions digit of 3194443992?
4
What is the hundred millions digit of 3410004885?
4
What is the units digit of 496792142?
2
What is the units digit of 532597219?
9
What is the ten millions digit of 70680108?
7
What is the units digit of 67742390?
0
What is the ten millions digit of 86877836?
8
What is the tens digit of 205024364?
6
What is the billions digit of 1821156828?
1
What is the ten thousands digit of 5109868077?
6
What is the tens digit of 475577797?
9
What is the ten thousands digit of 103025311?
2
What is the ten millions digit of 1859257034?
5
What is the tens digit of 118093951?
5
What is the millions digit of 1894998386?
4
What is the billions digit of 1145587509?
1
What is the ten millions digit of 289695306?
8
What is the ten millions digit of 34733823?
3
What is the billions digit of 1242254413?
1
What is the ten thousands digit of 2633224723?
2
What is the hundred thousands digit of 278270752?
2
What is the tens digit of 404924257?
5
What is the millions digit of 1970005547?
0
What is the units digit of 20750166?
6
What is the tens digit of 33143542?
4
What is the ten thousands digit of 1439350176?
5
What is the millions digit of 121782572?
1
What is the tens digit of 120933406?
0
What is the millions digit of 75869830?
5
What is the hundreds digit of 105388969?
9
What is the units digit of 236634851?
1
What is the ten millions digit of 516131267?
1
What is the thousands digit of 272994322?
4
What is the thousands digit of 621892317?
2
What is the units digit of 3083282362?
2
What is the tens digit of 2867086675?
7
What is the units digit of 413188583?
3
What is the hundred thousands digit of 545998376?
9
What is the hundreds digit of 283354029?
0
What is the millions digit of 863640939?
3
What is the hundred millions digit of 21246